ivisor of 146 and 2.
2
Calculate the highest common factor of 19 and 285.
19
Calculate the greatest common factor of 415 and 4814.
83
What is the greatest common factor of 135 and 108?
27
Calculate the highest common divisor of 288 and 369.
9
What is the highest common divisor of 2 and 6?
2
What is the highest common factor of 28 and 28?
28
What is the greatest common divisor of 72 and 261?
9
What is the greatest common divisor of 51 and 8483?
17
Calculate the greatest common divisor of 33 and 132.
33
What is the greatest common factor of 15639 and 2807?
401
What is the greatest common divisor of 8 and 328?
8
What is the greatest common factor of 100 and 325?
25
What is the greatest common factor of 270 and 126?
18
Calculate the highest common divisor of 3596 and 580.
116
Calculate the highest common factor of 256 and 224.
32
Calculate the highest common factor of 1241 and 85.
17
Calculate the highest common factor of 270 and 8730.
90
Calculate the highest common divisor of 4298 and 14.
14
What is the greatest common divisor of 48 and 1552?
16
What is the highest common divisor of 1548 and 9?
9
What is the highest common factor of 46 and 69?
23
What is the greatest common factor of 20352 and 530?
106
What is the highest common divisor of 4 and 124?
4
Calculate the highest common divisor of 71 and 4189.
71
Calculate the highest common factor of 1840 and 1360.
80
What is the highest common divisor of 248 and 93?
31
What is the greatest common divisor of 3528 and 24?
24
What is the greatest common factor of 5610 and 60?
30
Calculate the highest common factor of 33689 and 59.
59
What is the greatest common divisor of 561 and 66?
33
What is the greatest common factor of 87 and 219?
3
What is the greatest common factor of 68 and 3740?
68
Calculate the highest common divisor of 7 and 14.
7
Calculate the greatest common factor of 66 and 528.
66
What is the greatest common factor of 14235 and 438?
219
What is the highest common factor of 34 and 21845?
17
Calculate the highest common divisor of 816 and 528.
48
What is the highest common factor of 43 and 1161?
43
What is the highest common divisor of 150 and 60?
30
What is the greatest common factor of 48 and 36?
12
Calculate the greatest common divisor of 2176 and 748.
68
What is the greatest common divisor of 43 and 43?
43
Calculate the greatest common factor of 1818 and 72.
18
Calculate the greatest common factor of 8 and 32.
8
What is the highest common factor of 48 and 656?
16
Calculate the highest common factor of 21175 and 175.
175
Calculate the greatest common divisor of 72 and 156.
12
What is the highest common divisor of 36 and 81?
9
Calculate the greatest common divisor of 5 and 1433.
1
What is the highest common divisor of 417 and 8896?
139
Calculate the highest common factor of 27 and 513.
27
What is the greatest common divisor of 632 and 16?
8
Calculate the highest common factor of 32 and 108.
4
What is the greatest common factor of 15 and 215?
5
What is the highest common factor of 17664 and 184?
184
What is the highest common divisor of 456 and 8?
8
Calculate the greatest common divisor of 1952 and 61.
61
What is the greatest common factor of 2413 and 665?
19
What is the greatest common factor of 195 and 345?
15
Calculate the greatest common factor of 348 and 15.
3
What is the highest common divisor of 22 and 231?
11
Calculate the greatest common divisor of 25 and 325.
25
What is the highest common divisor of 14 and 161?
7
Calculate the highest common factor of 10640 and 210.
70
What is the greatest common factor of 28 and 175?
7
Calculate the greatest common divisor of 66 and 22.
22
What is the greatest common divisor of 56 and 256?
8
Calculate the greatest common divisor of 8624 and 440.
88
Calculate the greatest common divisor of 77 and 21.
7
Calculate the highest common divisor of 1065 and 30.
15
Calculate the highest common factor of 704 and 11.
11
What is the highest common divisor of 7686 and 504?
126
What is the greatest common divisor of 308 and 84?
28
What is the greatest common divisor of 28 and 1442?
14
Calculate the greatest common divisor of 20 and 21530.
10
What is the greatest common divisor of 728 and 56?
56
What is the greatest common factor of 213 and 3?
3
Calculate the greatest common factor of 54 and 66.
6
Calculate the highest common divisor of 154 and 242.
22
What is the highest common divisor of 37145 and 19?
19
Calculate the highest common divisor of 11805 and 30.
15
What is the highest common factor of 93 and 124?
31
What is the greatest common divisor of 92 and 1472?
92
Calculate the greatest common factor of 250 and 670.
10
Calculate the greatest common factor of 412 and 8.
4
What is the greatest common divisor of 10 and 470?
10
What is the greatest common divisor of 48 and 2352?
48
What is the greatest common factor of 40 and 945?
5
Calculate the greatest common divisor of 231 and 33.
33
What is the highest common factor of 6550 and 50?
50
Calculate the greatest common factor of 285 and 45.
15
Calculate the highest common factor of 48 and 228.
12
What is the highest common factor of 693 and 126?
63
What is the greatest common divisor of 4107 and 74?
37
Calculate the greatest common divisor of 648 and 56.
8
What is the highest common factor of 48 and 150?
6
Calculate the greatest common divisor of 2233 and 7.
7
What is the greatest common divisor of 145 and 10?
5
What is the highest common divisor of 182 and 494?
26
What is the highest common factor of 2813 and 2619?
97
What is the greatest common divisor of 136 and 24?
8
What is the greatest common divisor of 13 and 221?
13
What is the greatest common divisor of 21580 and 208?
52
Calculate the highest common factor of 341 and 22.
11
Calculate the greatest common factor of 616 and 88.
88
Calculate the highest common divisor of 437 and 38.
19
What is the greatest common factor of 14 and 154?
14
Calculate the highest common divisor of 2109 and 57.
57
Calculate the greatest common factor of 105 and 195.
15
Calculate the greatest common divisor of 3680 and 115.
115
What is the greatest common factor of 114 and 6?
6
Calculate the highest common factor of 143 and 169.
13
What is the highest common divisor of 16 and 944?
16
Calculate the greatest common divisor of 90 and 80.
10
Calculate the greatest common factor of 1484 and 3164.
28
Calculate the greatest common divisor of 78 and 546.
78
Calculate the greatest common factor of 11 and 253.
11
Calculate the greatest common factor of 1239 and 42.
21
Calculate the greatest common divisor of 24 and 228.
12
What is the greatest common factor of 1435 and 35?
35
What is the highest common factor of 31 and 1519?
31
Calculate the greatest common divisor of 15 and 12.
3
Calculate the greatest common divisor of 84 and 84.
84
Calculate the greatest common factor of 5 and 2705.
5
What is the greatest common divisor of 68 and 24038?
34
What is the highest common factor of 126 and 18?
18
What is the highest common divisor of 36 and 20?
4
Calculate the highest common divisor of 45 and 8895.
15
What is the greatest common factor of 54 and 261?
9
What is the highest common factor of 19 and 2147?
19
What is the highest common factor of 360 and 1320?
120
Calculate the highest common factor of 23 and 1679.
23
Calculate the greatest common divisor of 2944 and 23.
23
What is the highest common factor of 386 and 2?
2
Calculate the greatest common divisor of 29981 and 7.
7
Calculate the greatest common factor of 7 and 1841.
7
Calculate the highest common factor of 100 and 2700.
100
Calculate the greatest common divisor of 27 and 621.
27
Calculate the highest common factor of 171 and 19.
19
Calculate the greatest common factor of 7 and 343.
7
Calculate the greatest common factor of 4711 and 14.
7
What is the greatest common divisor of 375 and 60?
15
What is the greatest common divisor of 7539 and 2872?
359
What is the greatest common divisor of 90 and 477?
9
What is the highest common divisor of 12567 and 213?
213
Calculate the highest common factor of 649 and 59.
59
Calculate the greatest common divisor of 128 and 288.
32
Calculate the greatest common divisor of 1336 and 8.
8
What is the highest common factor of 49579 and 43?
43
Calculate the highest common divisor of 2944 and 46.
46
Ca